5, what is -5 - -1cb5e6d?
1cb5e68
In base 13, what is -35a12c4 - -2?
-35a12c2
In base 12, what is 161 - 132b16?
-132975
In base 8, what is -210 + 150?
-40
In base 16, what is d6e64b2 + 5?
d6e64b7
In base 8, what is -2 - 210114223?
-210114225
In base 6, what is 42204 + 42353?
125001
In base 10, what is 1530 - 35988?
-34458
In base 7, what is 2166 + 546134?
551333
In base 9, what is -35605470 + 1?
-35605468
In base 12, what is 9b8 - -404?
1200
In base 15, what is 2c4959 - -5?
2c495e
In base 2, what is 11010111111001101010101111 - -11?
11010111111001101010110010
In base 5, what is -101421241120 + 20?
-101421241100
In base 5, what is -12030 - 4131314?
-4143344
In base 16, what is d + e7fa2?
e7faf
In base 6, what is 204553 - 43252?
121301
In base 5, what is 10 - 134401432123?
-134401432113
In base 16, what is -1c - 3616?
-3632
In base 15, what is 85c6 - -262?
8838
In base 9, what is 1317 + -160?
1147
In base 7, what is 30 + -25010234?
-25010204
In base 11, what is 111 - 221934?
-221823
In base 3, what is -100012021200211 - -2?
-100012021200202
In base 6, what is 1503 - 12241312?
-12235405
In base 8, what is -47 + 173306?
173237
In base 10, what is -809 + 167?
-642
In base 10, what is -174067 + -143?
-174210
In base 16, what is -40002 - 25?
-40027
In base 6, what is 10044 - -4345250?
4355334
In base 15, what is 7d - 708ca?
-7084c
In base 3, what is 122 - 120200210111000?
-120200210110101
In base 6, what is -234045055 + -1?
-234045100
In base 9, what is 55 - -40175405?
40175461
In base 3, what is -22 - -1122101110000?
1122101102201
In base 7, what is -56065151533 - -2?
-56065151531
In base 4, what is 1021201203 - 301?
1021200302
In base 10, what is 6 + -200147?
-200141
In base 2, what is 111111 + -11001100011011000001110?
-11001100011010111001111
In base 8, what is 3 + -52433624?
-52433621
In base 8, what is -227 + 104633?
104404
In base 7, what is 513 - -141210?
142023
In base 5, what is 11320 - -13433?
30303
In base 16, what is -21c + -1e4c1?
-1e6dd
In base 4, what is -2112 - -1311222331?
1311220213
In base 15, what is cb873d - 5?
cb8738
In base 12, what is -738278 - 10?
-738288
In base 11, what is 33736233 - 4?
3373622a
In base 2, what is 10000011111111000110101100 - -101?
10000011111111000110110001
In base 16, what is -38c - 3a0?
-72c
In base 9, what is 13 - -401283?
401306
In base 4, what is 22 + -33111322122?
-33111322100
In base 6, what is 522213333 + 0?
522213333
In base 5, what is -4 + -11011212410?
-11011212414
In base 12, what is -5 - -410850?
410847
In base 9, what is 453211 - -648?
453860
In base 15, what is 128e - 8a39?
-779a
In base 16, what is 5e9 + -2b4a?
-2561
In base 6, what is 4 - -115211314?
115211322
In base 14, what is -a9a4592 + 2?
-a9a4590
In base 2, what is -10111110101110011001000101100 + -1?
-10111110101110011001000101101
In base 10, what is 3298331 + -3?
3298328
In base 13, what is 22874 - 219?
22658
In base 16, what is -25bf3416 - 1?
-25bf3417
In base 8, what is 7541742 - -4?
7541746
In base 8, what is 3243410 + 42?
3243452
In base 4, what is 1320 + -200?
1120
In base 12, what is 1303 + -12097?
-10994
In base 6, what is 25134 - -2124?
31302
In base 2, what is 1100 - 1101011100110110111110?
-1101011100110110110010
In base 9, what is -235653 - -52?
-235601
In base 10, what is 29 - -11389238?
11389267
In base 14, what is -1ba46 + -77?
-1babd
In base 6, what is 53240 - 31220?
22020
In base 10, what is -3 - 47108369?
-47108372
In base 7, what is -444555 - -163?
-444362
In base 11, what is -57842a - 133?
-578562
In base 9, what is 6 - -37147118?
37147125
In base 5, what is -1 + -2021124341?
-2021124342
In base 15, what is 1a6ec - -1d7?
1a8d4
In base 14, what is -41768 + -27?
-41791
In base 14, what is 937 + -2c275?
-2b73c
In base 2, what is -1000001000000101100 - -110111001?
-1000000111001110011
In base 6, what is -21324343 - -114?
-21324225
In base 4, what is -21300 - -32021323?
32000023
In base 5, what is 200 + 1410110?
1410310
In base 11, what is 11a1047 - a1?
11a0a56
In base 7, what is 61 - 2060462?
-2060401
In base 9, what is 37 - 164100?
-164052
In base 10, what is -22 - -7758?
7736
In base 13, what is 1382 + -2306?
-c54
In base 5, what is 24242100 - 114?
24241431
In base 10, what is 10 - 39494360?
-39494350
In base 2, what is -101010000011101 - 11010011?
-101010011110000
In base 12, what is -5a17b18 + -2?
-5a17b1a
In base 5, what is -141304122 - -13?
-141304104
In base 12, what is -233bab + 2a?
-233b81
In base 10, what is -184579269 - -3?
-184579266
In base 11, what is -547 - -57473?
56a27
In base 6, what is 105221 + -35034?
30143
In base 6, what is 2101025 - 310?
2100315
In base 3, what is -10111 + -201201121?
-201212002
In base 15, what is 32801 - -9?
3280a
In base 14, what is 1713 - -b2d?
2442
In base 4, what is -23 + -200013032302?
-200013032331
In base 16, what is 262 + -24b1?
-224f
In base 5, what is 233010 + 3431?
241441
In base 15, what is 301958 - d?
30194a
In base 8, what is 102021653 - 4?
102021647
In base 16, what is 5264d - 17?
52636
In base 5, what is 21031 - -111002412?
111023443
In base 4, what is 332120311121 - -2?
332120311123
In base 9, what is -6863 - -168376?
161413
In base 8, what is -577126 - -4?
-577122
In base 9, what is -3655447 + -54?
-3655512
In base 2, what is -1100000100011101010 - -110000000?
-1100000011101101010
In base 4, what is -1202030221323 - -1?
-1202030221322
In base 3, what is 1112002202020012022 + 11?
1112002202020012110
In base 9, what is -45156 + 175?
-44871
In base 16, what is -4fb - -1e90?
1995
In base 4, what is 3200212201 - 300?
3200211301
In base 7, what is -2 + 13563642?
13563640
In base 4, what is 1302 - -331110002?
331111310
In base 14, what is 1b0a147 - a?
1b0a13b
In base 6, what is 443430 + 1003?
444433
In base 9, what is 3170320 - 120?
3170200
In base 8, what is 3356 + 44616?
50174
In base 10, what is 0 - -3868998?
3868998
In base 9, what is 40452 - 48118?
-7556
In base 3, what is 11 - -102221010001012200?
102221010001012211
In base 8, what is 40 - -1051072?
1051132
In base 11, what is 11323 + -68?
11266
In base 9, what is -1313 + 165416?
164103
In base 14, what is 1304bda - -1?
1304bdb
In base 10, what is -11 - 597909?
-597920
In base 2, what is -100 + -11101111101101010000001?
-11101111101101010000101
In base 6, what is 105 - -410442?
410551
In base 9, what is -833 - -3776?
2843
In base 13, what is 3295c17 - -7?
3295c21
In base 12, what is -394563736 - 5?
-39456373b
In base 9, what is 84 - -201420?
201514
In base 7, what is -32401156 - -14?
-32401142
In base 3, what is -1 - 1222222210120001?
-1222222210120002
In base 6, what is 1112043314 + -1?
1112043313
In base 2, what is 10111111100101001001110011 - 100?
10111111100101001001101111
In base 12, what is 1b1 + -12b066?
-12aa75
In base 14, what is -cb9 - -152d6?
1441b
In base 8, what is -3 + -111177175?
-111177200
In base 6, what is 40 - -3215204222?
3215204302
In base 10, what is -352035 - -533?
-351502
In base 3, what is 20220001010020 + -111?
20220001002202
In base 13, what is 0 - 164868?
-164868
In base 15, what is -430 + -1c750?
-1cb80
In base 7, what is 104033302 + -4?
104033265
In base 13, what is 4 - 18bb68?
-18bb64
In base 10, what is 1375406 + 16?
1375422
In base 3, what is -10002 - -200021001110?
200020221101
In base 7, what is -32 - -432661?
432626
In base 14, what is -3d6 + a17?
621
In base 4, what is -102101313313 - -111?
-102101313202
In base 12, what is -206 - -b05b?
aa55
In base 10, what is 2801000 + 63?
2801063
In base 10, what is 8146 + -40149?
-32003
In base 12, what is -2 - -3728984?
3728982
In base 16, what is -2585 - -3a20?
149b
In base 6, what is -1234032 + 12012?
-1222020
In base 13, what is -86 - -2c045?
2bc8c
In base 14, what is -16 - -13c507a?
13c5064
In base 2, what is 1101111110 + -1111011110110?
-1101101111000
In base 15, what is 1e15e1c + 5?
1e15e22
In base 10, what is 2096 - 46?
2050
In base 11, what is -11797177 - 5?
-11797181
In base 8, what is -3675076 + -16?
-3675114
In base 7, what is -23 + 224202012?
224201656
In base 8, what is 5430634 + 17?
5430653
In base 5, what is 43233 + 204023?
302311
In base 6, what is -1 + -5050120512?
-5050120513
In base 3, what is 2111210221 - -10002?
2111221000
In base 7, what is -3430 + -14141?
-20601
In base 6, what is -1242112354 - 2?
-124211